*2 - 7*m + 0*m**2 + 3. Determine p(l).
4
Let g(b) = b**2 - 9*b + 9. Let h = 194 + -189. What is g(h)?
-11
Let t(r) = 28*r + 5. Let n(u) = -34*u - 6. Let c(a) = 5*n(a) + 6*t(a). Give c(3).
-6
Let c(l) = -4*l**2 - 2*l - 3. Let x(q) = 2*q**3 + 8*q**2 + 6*q - 2. Let p be x(-3). Determine c(p).
-15
Let v be 3/(4 + -3)*1. Suppose -3*t + 6 = -5*u, -v*u = 3*t - 5*u - 6. Let n(r) = 15*r - 6*r + 3*r**t - r**2 - r**2 + 5. What is n(-6)?
-13
Let i(z) = -9*z - 2 - 1 + 6*z. Let n = 11 - 7. Let q be -2*n/(-10)*-5. Give i(q).
9
Let z(x) = -10*x**3 + 3 - 1 + 16*x**3 - 5 + 2. What is z(1)?
5
Let b = 953 + -952. Let c(t) = -22*t**3 + t**2 - 2*t + 1. Give c(b).
-22
Let u(k) be the third derivative of k**4/4 - k**3/6 + 102*k**2. What is u(-4)?
-25
Let u be 56/10 + (-60)/(-25) + -2. Let z(y) = -y**2 - 8*y + 3 + 5*y + u. Determine z(-7).
-19
Let x = 9 - 22. Let w(l) be the first derivative of -l**2/2 - 16*l - 25. Let d be w(x). Let q(m) = -m - 4. Determine q(d).
-1
Suppose -4*u + 10 + 2 = 0. Let m be (-22)/(-10) - u/15. Suppose 0 = m*f - 2. Let v(a) = 2*a. Give v(f).
2
Let k(r) = -r**3 + r**2 + r. Let v(d) = -2*d**3 + d**2 - 3*d + 1. Let y(q) = k(q) + v(q). Let m be -11 + -21 + (-660)/(-20). Give y(m).
-2
Let z(k) = k**2 - 38*k - 424. Let u be z(-9). Let i(w) = 17*w + 2. Give i(u).
-15
Let n(g) = -2*g - 4 + 4*g - 1 - 3*g. Suppose -4*f = -19*f + 75. Calculate n(f).
-10
Let f = 138 - 134. Let m(g) = 1 - 6 - 5 + f*g + 11. Suppose -5*t + 2 = -3. Determine m(t).
5
Let b(f) be the first derivative of 10*f + 1/2*f**2 - 8 + 0*f**3 + 1/4*f**4. What is b(0)?
10
Suppose 2*g = 7*n - 4*n - 6, 4*n + 2*g - 8 = 0. Let o(z) be the second derivative of -z**n + 0 - 5/6*z**3 - 12*z. What is o(-2)?
8
Let k(v) = -3*v**2 - 5*v + 8. Let i(l) = 10*l**2 + 14*l - 24. Let t(d) = -5*i(d) - 16*k(d). Give t(6).
-20
Let d = 9 + -6. Let l(p) = 6*p + 7*p**2 + 0*p**2 - p**d + 2*p**3 + 2. Suppose -n + 2*n + 2*h = 0, -h = 3*n + 15. What is l(n)?
2
Suppose 4*d = -2 - 14. Let x be (-42)/49*14/d. Let y(g) = g + 4. Determine y(x).
7
Let j(b) = b**2 + 6*b + 4. Let n be ((-1380)/(-66))/(-5) - (-2)/11. Calculate j(n).
-4
Suppose 19 - 7 = 2*v. Suppose v = -2*q - 4*y, 0*q - 2*y - 28 = -4*q. Let h(i) = i + 2 + 2 - i**2 + 3*i - 1. What is h(q)?
-2
Suppose -a + 4 = 10. Let m(s) = -s**3 - 6*s**2 - s - 5. Determine m(a).
1
Let z(t) = -16*t - 13. Let c be z(-4). Let l be (-187)/c - 1/3. Let a(f) = f**3 + 3*f**2 - 2*f + 4. What is a(l)?
-4
Suppose 8*k - 5*k = 6. Let m(o) = 3*o**k + 8 - 11 - 2*o**2. Suppose 2*w + 0*g - g = -3, -w + 5*g = -12. Give m(w).
6
Let b = -13 + 6. Let w(i) = 4*i + 1. Let k(y) = 5*y - 1. Let p(g) = 2*k(g) - 2*w(g). Determine p(b).
-18
Let k(a) = -2*a**3 + 7*a**2 + a**2 + 7 - 9*a + 5*a**3 - 4*a**3. Suppose 0 = 2*p - c + 31, -4*c - 31 = 2*p + 25. Let o = 25 + p. Give k(o).
-7
Let p(v) be the first derivative of v**5/60 + v**4/8 - v**3/2 - 3*v**2 - 2. Let k(r) be the second derivative of p(r). Calculate k(-4).
1
Let m(f) = -2*f**2 - 6*f. Suppose -10*i = -5*i - 110. Let p be i/(-5) - (-8)/20. Calculate m(p).
-8
Let y be (2/(-6) - -1)/((-72)/(-432)). Let p(b) be the second derivative of -b**4/12 + b**3 - 2*b**2 - b. Give p(y).
4
Let h(m) = m**2 - 8*m + 6. Let a be h(8). Let o be ((-4)/6)/(1/(-6)). Let t(z) = -2 + o*z**2 - 4*z**2 + 5*z - z**2. What is t(a)?
-8
Let s(t) = -3*t**2 + 3*t - 4. Let k(x) = 4*x**2 - 3*x + 4. Let v(w) = -2*k(w) - 3*s(w). Let q be -26*(-36)/2574 + 58/22. Give v(q).
4
Let i(t) = -t**2 + 3*t - 2. Suppose 6*s - s = 4*q - 6, -5*q + 3*s + 14 = 0. Calculate i(q).
-6
Let l(i) = -6*i. Let r(k) = 9*k + 2. Let m(z) = 2*l(z) + r(z). Calculate m(-6).
20
Let r(x) = 4*x - 3. Let g(d) = -2 - 3 + 7 - 1. Let j = -8 + 7. Let z(m) = j*r(m) - 2*g(m). Determine z(-1).
5
Let w(r) = 5*r**2. Let z(x) = -22*x**2 + 5*x - 7. Let k(t) = -5*w(t) - z(t). Determine k(2).
-15
Let w(b) = -b + 1. Suppose 0 = 3*r + 5*c - 26, -r + 2*r - 9 = -2*c. Determine w(r).
-6
Let b = 9 - 15. Let f be (1 + -4)*b/(-3). Let w(y) = -2*y - 14. Let a(l) = -6*l - 41. Let s(q) = -6*a(q) + 17*w(q). Give s(f).
-4
Let y(z) = z**2 + 2*z - 9. Let c = 227 + -234. What is y(c)?
26
Suppose -10 = -2*i - 2. Let o(s) be the first derivative of 1/4*s**4 - i*s + s**2 - 3 - 4/3*s**3. Give o(4).
4
Let y(a) = a**2 + 7*a - 2. Let r be y(-9). Suppose 16 = -z + 3*w - 8*w, -3*z = -w - r. Suppose 8 = z*d - 2*d. Let u(s) = s**2 - 4. What is u(d)?
12
Let m(l) = 3*l**3 + 13*l**2 + 9*l + 14. Let w(i) = -i**3 - i**2 - 2. Let s(d) = -m(d) - 4*w(d). What is s(10)?
4
Let j(v) = 231*v - 30 - 229*v - 26. Determine j(25).
-6
Let i = 16 + -14. Let a(q) = q - 24*q**i + 16*q**2 - 5 + 9*q**2. Determine a(-4).
7
Let q(f) = -f - 2. Let g(p) = 4*p + 5. Let b(n) = -g(n) - 2*q(n). Let l be 2 + 0 + (-4)/(-2). Determine b(l).
-9
Let m = -133 - -134. Let w(d) = 9*d + 1. Give w(m).
10
Let p(g) = -g**3 + 2*g**2 + 11*g + 4. Let j(f) = -2*f. Let t(w) = 4*j(w) + p(w). Calculate t(4).
-16
Let q(f) = -2*f**2 - 2. Let u(d) = 11*d**2 - 5*d + 15. Let h(z) = 5*q(z) + u(z). Determine h(2).
-1
Let m(d) = -47*d + 2 + 83*d - 41*d - 44. Calculate m(-10).
8
Let k(s) = -3*s - 3. Suppose 2*y = 4*n - 8, 0*n = -5*y - 4*n + 50. Let x be -6*(20/y)/(-5). Let a be (6/x)/(3/(-4)). Give k(a).
3
Suppose -30 = -4*t + 2*z, -3*t + z - 19 + 41 = 0. Let l(d) = 3*d**2 + 0*d**2 - 6*d - 8 - 2*d**2. Calculate l(t).
-1
Let a(k) = -k**2 + 3*k + 17. Let i = -614 + 620. Calculate a(i).
-1
Let o(v) = v**2 - 38*v**3 + 9*v**3 + 13*v**3. What is o(1)?
-15
Let j(g) = g**2 - 13*g + 15. Let p be j(12). Let m(a) be the second derivative of -p*a - 1/12*a**4 + 1/2*a**2 - 2/3*a**3 + 0. Give m(-5).
-4
Let k(l) = -l**2 + 5*l - 7. Let h(w) = -w. Let c(o) = -3*h(o) + k(o). Let b be 2 - (-1)/(6*6/216). Calculate c(b).
-7
Let j(k) be the second derivative of -k**5/20 + 5*k**4/12 - k**3/3 + 2*k**2 + 2*k. Suppose 2*p = -3*p - 95. Let c = p - -24. Give j(c).
-6
Let j(v) be the third derivative of v**6/120 + v**5/12 + v**4/12 - 2*v**3/3 + 305*v**2. Suppose 3*g + 10 = -14. Let y = g + 4. Give j(y).
4
Let n be 42/9*(0 - 21/14). Let v(y) = y + 2. Calculate v(n).
-5
Suppose -5 - 9 = 4*b - 2*d, 0 = 5*b - 5*d + 15. Let k(h) = -2*h**3 + 9 + h**3 - 6*h**2 + 0 - 6*h - 11. Calculate k(b).
-10
Suppose -4*m = -2*b - 6, -4*b + 0*m - m + 6 = 0. Let k(s) = 64*s - 67*s - 7 + b. Determine k(-4).
6
Let r(t) = 11*t**2 - 1. Let v be r(1). Let g = -7 + v. Let s(z) = -4*z + g*z - 3 + 2 + 2. Calculate s(1).
0
Let w(p) = 10 - 2*p + 14 + 22 + 17 - 55. Suppose 3*c + 5*h - 5 - 16 = 0, 0 = -4*c - h + 28. Determine w(c).
-6
Let j(v) be the first derivative of 5*v**2/2 - v + 36. Determine j(-3).
-16
Let u = 12 - 8. Let w(j) = -10*j. Let g(l) = 28*l. Let h(v) = 3*g(v) + 8*w(v). What is h(u)?
16
Let x = 25 - 23. Let s(h) = h**2 + 28*h - 17*h - 13*h + x. Calculate s(3).
5
Let s(j) = 12*j + 127. Let u(z) = 2*z + 25. Let k(t) = -2*s(t) + 11*u(t). Determine k(-17).
55
Let c be (40/(-16))/(3/2 - 2). Suppose -c*u + 7 = -28. Let i(m) = m**2 - 6*m - 9. What is i(u)?
-2
Let j(a) be the second derivative of -a**4 + a**2/2 + a + 45. Calculate j(-1).
-11
Let d(t) = -t**2 - 3*t + 4. Let o be (-3 + 0)*(-18)/(-27). Let i be (0 - o/(-3))*-90. Let s be (-24)/(-84) + i/(-14). Determine d(s).
0
Let d(k) = k**2 - k. Let b(z) = z**3 + 3*z**2 + 7*z + 3. Suppose -7*s - 54 = -19. Let y(l) = s*d(l) - b(l). What is y(-8)?
13
Let i(z) = 21*z**2 + 60*z - 3. Let m be i(-3). Let a(c) be the third derivative of c**6/120 - c**5/10 + c**3/3 - c**2. What is a(m)?
2
Suppose 4*h - 21 = 3*r, h + 3*r = 5*r + 9. Suppose -4*x = h - 19. Suppose -3*q - 24 = x*c, q = -4*q - 5*c - 35. Let z(l) = l**2 + 4*l + 1. Determine z(q).
1
Let k(g) = 4*g + 5*g - 3 - 3*g - 7*g. Determine k(-8).
5
Let o(g) = -g**3 + 5*g**2 - 7*g + 2. Let y(q) = -q**2 + q + 2. Let d(c) = o(c) + 2*y(c). What is d(4)?
-30
Suppose 125*r = 45*r - 80. Let v(w) = -w + 1. Determine v(r).
2
Let o(d) be the third derivative of 1/15*d**5 + 2/3*d**3 + d**2 + 0 + 1/120*d**6 + 1/12*d**4 + 0*d. Let a be (-9)/2 + (-18)/(-12). What is o(a)?
7
Let r(g) = -4*g**2 - 18*g + 8*g**2 + 5*g**2 - 2*g**2 + 8*g - g**3 + 9. What is r(6)?
-15
Let w(q) = 10*q - 308. Let g(u) = -2*u + 65. Let s(b) = -14*g(b) - 3*w(b). Determine s(2).
10
Let j(k) = 4*k**3 + k**2 + k + 1. Suppose 4*n = 2*m - 0*m - 12, -5*n - 3*m - 4 = 0. Calculate j(n).
-29
Let b(k) = -2 - 1 + 7 - 8 